{"id":2,"date":"2015-07-08T13:40:59","date_gmt":"2015-07-08T13:40:59","guid":{"rendered":"http:\/\/razemdlabialoleki.waw.pl\/?page_id=2"},"modified":"2023-12-31T19:15:33","modified_gmt":"2023-12-31T18:15:33","slug":"przykladowa-strona","status":"publish","type":"page","link":"http:\/\/razemdlabialoleki.waw.pl\/?page_id=2","title":{"rendered":"Kontakt"},"content":{"rendered":"\n<h2 class=\"wp-block-heading has-text-align-center\">Skontaktuj si\u0119\u00a0z nami<\/h2>\n\n\n\n<div class=\"wpcf7 no-js\" id=\"wpcf7-f20273-o1\" lang=\"pl-PL\" dir=\"ltr\">\n<div class=\"screen-reader-response\"><p role=\"status\" aria-live=\"polite\" aria-atomic=\"true\"><\/p> <ul><\/ul><\/div>\n<form action=\"\/index.php?rest_route=%2Fwp%2Fv2%2Fpages%2F2#wpcf7-f20273-o1\" method=\"post\" class=\"wpcf7-form init\" aria-label=\"Formularz kontaktowy\" novalidate=\"novalidate\" data-status=\"init\">\n<div style=\"display: none;\">\n<input type=\"hidden\" name=\"_wpcf7\" value=\"20273\" \/>\n<input type=\"hidden\" name=\"_wpcf7_version\" value=\"5.8.5\" \/>\n<input type=\"hidden\" name=\"_wpcf7_locale\" value=\"pl_PL\" \/>\n<input type=\"hidden\" name=\"_wpcf7_unit_tag\" value=\"wpcf7-f20273-o1\" \/>\n<input type=\"hidden\" name=\"_wpcf7_container_post\" value=\"0\" \/>\n<input type=\"hidden\" name=\"_wpcf7_posted_data_hash\" value=\"\" \/>\n<input type=\"hidden\" name=\"_cf7a__timestamp\" value=\"it91lBroinOJ93eV+lTD8g==\" \/>\n<input type=\"hidden\" name=\"_cf7a_version\" value=\"1.0\" \/>\n<input type=\"hidden\" name=\"_cf7a_address\" value=\"aGmDEUst2PIGvaxxZQL47g==\" \/>\n<input type=\"hidden\" name=\"_cf7a_referer\" value=\"pCnerDG7nbzr0zrDZGWj7g==\" \/>\n<input type=\"hidden\" name=\"_cf7a_protocol\" value=\"tvhrvuoUjxeY4JT7kR5KNw==\" \/>\n<input type=\"hidden\" name=\"_cf7a_bot_fingerprint\" value=\"it91lBroinOJ93eV+lTD8g==\" \/>\n<input type=\"hidden\" name=\"_cf7a_bot_fingerprint_extras\" value=\"\" \/>\n<input type=\"hidden\" name=\"_cf7a_append_on_submit\" value=\"\" \/>\n<\/div>\n<p><label> Imi\u0119<br \/>\n<span class=\"wpcf7-form-control-wrap\" data-name=\"your-name\"><input type=\"text\" name=\"name\" value=\"\" autocomplete=\"fill\" class=\"fit-the-fullspace\" aria-hidden=\"true\" tabindex=\"-1\" \/><input size=\"40\" class=\"wpcf7-form-control wpcf7-text wpcf7-validates-as-required\" autocomplete=\"name\" aria-required=\"true\" aria-invalid=\"false\" value=\"\" type=\"text\" name=\"your-name\" \/><\/span> <\/label>\n<\/p>\n<p><label> Adres e-mail<br \/>\n<span class=\"wpcf7-form-control-wrap\" data-name=\"your-email\"><input size=\"40\" class=\"wpcf7-form-control wpcf7-email wpcf7-validates-as-required wpcf7-text wpcf7-validates-as-email\" autocomplete=\"email\" aria-required=\"true\" aria-invalid=\"false\" value=\"\" type=\"email\" name=\"your-email\" \/><\/span> <\/label>\n<\/p>\n<p><label> Temat<br \/>\n<span class=\"wpcf7-form-control-wrap\" data-name=\"your-subject\"><input type=\"text\" name=\"address\" value=\"\" autocomplete=\"fill\" class=\"fit-the-fullspace\" aria-hidden=\"true\" tabindex=\"-1\" \/><input size=\"40\" class=\"wpcf7-form-control wpcf7-text wpcf7-validates-as-required\" aria-required=\"true\" aria-invalid=\"false\" value=\"\" type=\"text\" name=\"your-subject\" \/><\/span> <\/label>\n<\/p>\n<p><label> Tre\u015b\u0107 wiadomo\u015bci<br \/>\n<span class=\"wpcf7-form-control-wrap\" data-name=\"your-message\"><textarea cols=\"40\" rows=\"10\" class=\"wpcf7-form-control wpcf7-textarea\" aria-invalid=\"false\" name=\"your-message\"><\/textarea><\/span> <\/label>\n<\/p>\n<p><input class=\"wpcf7-form-control wpcf7-submit has-spinner\" type=\"submit\" value=\"Wy\u015blij\" \/>\n<\/p><div class=\"wpcf7-response-output\" aria-hidden=\"true\"><\/div>\n<\/form>\n<\/div>\n\n\n\n\n<p><\/p>\n\n\n\n<p><strong>Informacja o przetwarzaniu danych osobowych<\/strong><\/p>\n\n\n\n<p>W zwi\u0105zku z realizacj\u0105 wymog\u00f3w Rozporz\u0105dzenia Parlamentu Europejskiego i Rady (UE) 2016\/679 z dnia 27 kwietnia 2016 r. w sprawie ochrony os\u00f3b fizycznych w zwi\u0105zku z przetwarzaniem danych osobowych i w sprawie swobodnego przep\u0142ywu danych oraz uchylenia dyrektywy 95\/46\/WE (rozporz\u0105dzenie o ochronie danych RODO), informujemy o zasadach przetwarzania danych osobowych oraz o przys\u0142uguj\u0105cych Pa\u0144stwu prawach z tym zwi\u0105zanych.<\/p>\n\n\n\n<p>Poni\u017csze zasady obowi\u0105zuj\u0105\u00a0od\u00a0<strong>25 maja 2018 r.<\/strong><\/p>\n\n\n\n<p>1. Administratorem danych osobowych przetwarzanych w ramach serwisu <a href=\"http:\/\/razemdlabialoleki.waw.pl\/\">razemdlabialoleki.waw.pl<\/a>\u00a0jest Stowarzyszenie Razem dla Bia\u0142o\u0142\u0119ki z siedzib\u0105 w Warszawie.<\/p>\n\n\n\n<p>2. Administrator danych osobowych, przetwarza dane \u00a0na podstawie obowi\u0105zuj\u0105cych przepis\u00f3w prawa, zawartych um\u00f3w oraz na podstawie\u00a0 wcze\u015bniej udzielonej zgody w zakresie i celu okre\u015blonym w tre\u015bci udzielonej zgody.<\/p>\n\n\n\n<p>3. W zwi\u0105zku z przetwarzaniem danych osobowych, U\u017cytkownikom przys\u0142uguje:\u00a0\u00a0\u00a0\u00a0 <\/p>\n\n\n\n<p>&#8211; prawo dost\u0119pu do danych osobowych, w tym prawo do uzyskania kopii tych danych;<\/p>\n\n\n\n<p>\u00a0\u00a0\u00a0\u00a0 &#8211; prawo do \u017c\u0105dania sprostowania (poprawiania) danych osobowych \u2013 w przypadku gdy dane s\u0105 nieprawid\u0142owe lub niekompletne;<\/p>\n\n\n\n<p>\u00a0\u00a0\u00a0\u00a0 &#8211; prawo do \u017c\u0105dania usuni\u0119cia danych osobowych (tzw. prawo do bycia zapomnianym).<\/p>\n\n\n\n<p>\u00a04. W przypadku, gdy przetwarzanie danych osobowych odbywa si\u0119 na podstawie udzielonej zgody na przetwarzanie danych osobowych (art. 6 ust. 1 lit a RODO), przys\u0142uguje prawo do cofni\u0119cia tej zgody w dowolnym momencie.<\/p>\n","protected":false},"excerpt":{"rendered":"<p>Skontaktuj si\u0119\u00a0z nami Informacja o przetwarzaniu danych osobowych W zwi\u0105zku z realizacj\u0105 wymog\u00f3w Rozporz\u0105dzenia Parlamentu Europejskiego i Rady (UE) 2016\/679 z dnia 27 kwietnia 2016 r. w sprawie ochrony os\u00f3b fizycznych w zwi\u0105zku z przetwarzaniem danych osobowych i w sprawie swobodnego przep\u0142ywu danych oraz uchylenia dyrektywy 95\/46\/WE (rozporz\u0105dzenie o ochronie danych RODO), informujemy o zasadach [&hellip;]<\/p>\n","protected":false},"author":1,"featured_media":0,"parent":0,"menu_order":0,"comment_status":"closed","ping_status":"open","template":"","meta":{"ngg_post_thumbnail":0,"footnotes":""},"class_list":["post-2","page","type-page","status-publish","hentry"],"_links":{"self":[{"href":"http:\/\/razemdlabialoleki.waw.pl\/index.php?rest_route=\/wp\/v2\/pages\/2","targetHints":{"allow":["GET"]}}],"collection":[{"href":"http:\/\/razemdlabialoleki.waw.pl\/index.php?rest_route=\/wp\/v2\/pages"}],"about":[{"href":"http:\/\/razemdlabialoleki.waw.pl\/index.php?rest_route=\/wp\/v2\/types\/page"}],"author":[{"embeddable":true,"href":"http:\/\/razemdlabialoleki.waw.pl\/index.php?rest_route=\/wp\/v2\/users\/1"}],"replies":[{"embeddable":true,"href":"http:\/\/razemdlabialoleki.waw.pl\/index.php?rest_route=%2Fwp%2Fv2%2Fcomments&post=2"}],"version-history":[{"count":8,"href":"http:\/\/razemdlabialoleki.waw.pl\/index.php?rest_route=\/wp\/v2\/pages\/2\/revisions"}],"predecessor-version":[{"id":20275,"href":"http:\/\/razemdlabialoleki.waw.pl\/index.php?rest_route=\/wp\/v2\/pages\/2\/revisions\/20275"}],"wp:attachment":[{"href":"http:\/\/razemdlabialoleki.waw.pl\/index.php?rest_route=%2Fwp%2Fv2%2Fmedia&parent=2"}],"curies":[{"name":"wp","href":"https:\/\/api.w.org\/{rel}","templated":true}]}}