{"id":19838,"date":"2023-12-18T14:23:15","date_gmt":"2023-12-18T13:23:15","guid":{"rendered":"http:\/\/razemdlabialoleki.waw.pl\/?page_id=19838"},"modified":"2024-01-02T09:40:38","modified_gmt":"2024-01-02T08:40:38","slug":"wigilijna-pomoc-sasiedzka","status":"publish","type":"page","link":"http:\/\/razemdlabialoleki.waw.pl\/?page_id=19838","title":{"rendered":"Wigilijna Pomoc S\u0105siedzka"},"content":{"rendered":"\n<h2 class=\"wp-block-heading has-text-align-center\">Wigilijna Pomoc S\u0105siedzka<\/h2>\n\n\n\n<p>W Miko\u0142ajki w ramach Wigilijnej Pomocy S\u0105siedzkiej Miko\u0142aj odwiedzi\u0142 dzieci z bia\u0142o\u0142\u0119ckich Dom\u00f3w Dziecka i dostarczy\u0142 im wymarzone prezenty. <\/p>\n\n\n\n<p>Wigilijn\u0105 Pomoc S\u0105siedzk\u0105 zorganizowali\u015bmy ju\u017c po raz 9. razem ze Spo\u0142eczno\u015bci\u0105 Chrze\u015bcija\u0144sk\u0105 p\u00f3\u0142noc oraz lokalnymi partnerami i sklepami: Auchan Modli\u0144ska, Smurfit Kappa Polska, Galeria P\u00f3\u0142nocna, Carrefour, Carrefour Express oraz DH Tarchomin.<\/p>\n\n\n\n<p>Jak co roku Wigilijn\u0105 Pomoc S\u0105siedzk\u0105&nbsp;wspierali&nbsp;tak\u017ce wolontariusze i wolontariuszki ze szk\u00f3\u0142: Szko\u0142a Podstawowa nr 344, Szko\u0142a Podstawowa nr 118, Szko\u0142a Podstawowa nr 314, Szko\u0142a Podstawowa nr 355 oraz Szko\u0142a Podstawowa nr 257.<\/p>\n\n\n\n<p>Podsumowanie dotychczasowych edycji Wigilijnej Pomocy S\u0105siedzkiej:<\/p>\n\n\n\n<ul class=\"wp-block-list\">\n<li><a href=\"http:\/\/razemdlabialoleki.waw.pl\/?p=17772\">Wigilijna Pomoc S\u0105siedzka 2022<\/a> i <a href=\"http:\/\/razemdlabialoleki.waw.pl\/?p=17821\">podsumowanie<\/a><\/li>\n\n\n\n<li><a href=\"http:\/\/razemdlabialoleki.waw.pl\/?p=15967\">Wigilijna Pomoc S\u0105siedzka 2021<\/a> i <a href=\"http:\/\/razemdlabialoleki.waw.pl\/?p=16010\">podsumowanie<\/a><\/li>\n\n\n\n<li><a href=\"http:\/\/razemdlabialoleki.waw.pl\/?p=12680\">Wigilijna Pomoc S\u0105siedzka 2020<\/a> i <a href=\"http:\/\/razemdlabialoleki.waw.pl\/?p=13181\">podsumowanie<\/a><\/li>\n\n\n\n<li><a href=\"http:\/\/razemdlabialoleki.waw.pl\/?p=9252\">Wigilijna Pomoc S\u0105siedzka 2019<\/a> i <a href=\"http:\/\/razemdlabialoleki.waw.pl\/?p=9349\">podsumowanie<\/a><\/li>\n\n\n\n<li><a href=\"http:\/\/razemdlabialoleki.waw.pl\/?p=6961\">Wigilijna Pomoc S\u0105siedzka 2018<\/a> i <a href=\"http:\/\/razemdlabialoleki.waw.pl\/?p=7070\">podsumowanie<\/a><\/li>\n\n\n\n<li><a href=\"http:\/\/razemdlabialoleki.waw.pl\/?p=3329\">Wigilijna Pomoc S\u0105siedzka 2017<\/a> i <a href=\"http:\/\/razemdlabialoleki.waw.pl\/?p=3459\">podsumowanie<\/a><\/li>\n\n\n\n<li><a href=\"http:\/\/razemdlabialoleki.waw.pl\/?p=917\">Wigilijna Pomoc S\u0105siedzka 2016 i podsumowanie<\/a><\/li>\n<\/ul>\n\n\n\n<figure class=\"wp-block-image size-large\"><img loading=\"lazy\" decoding=\"async\" width=\"1024\" height=\"768\" src=\"http:\/\/razemdlabialoleki.waw.pl\/wp-content\/uploads\/2023\/12\/408187133_663373145945465_2975101933699324194_n-1024x768.jpeg\" alt=\"\" class=\"wp-image-19840\" srcset=\"http:\/\/razemdlabialoleki.waw.pl\/wp-content\/uploads\/2023\/12\/408187133_663373145945465_2975101933699324194_n-1024x768.jpeg 1024w, http:\/\/razemdlabialoleki.waw.pl\/wp-content\/uploads\/2023\/12\/408187133_663373145945465_2975101933699324194_n-300x225.jpeg 300w, http:\/\/razemdlabialoleki.waw.pl\/wp-content\/uploads\/2023\/12\/408187133_663373145945465_2975101933699324194_n-768x576.jpeg 768w, http:\/\/razemdlabialoleki.waw.pl\/wp-content\/uploads\/2023\/12\/408187133_663373145945465_2975101933699324194_n-1536x1152.jpeg 1536w, http:\/\/razemdlabialoleki.waw.pl\/wp-content\/uploads\/2023\/12\/408187133_663373145945465_2975101933699324194_n.jpeg 2000w\" sizes=\"auto, (max-width: 1024px) 100vw, 1024px\" \/><\/figure>\n\n\n\n<figure class=\"wp-block-image size-large\"><img loading=\"lazy\" decoding=\"async\" width=\"1024\" height=\"740\" src=\"http:\/\/razemdlabialoleki.waw.pl\/wp-content\/uploads\/2023\/12\/408114525_663373149278798_7122115483695085479_n-1024x740.jpeg\" alt=\"\" class=\"wp-image-19842\" srcset=\"http:\/\/razemdlabialoleki.waw.pl\/wp-content\/uploads\/2023\/12\/408114525_663373149278798_7122115483695085479_n-1024x740.jpeg 1024w, http:\/\/razemdlabialoleki.waw.pl\/wp-content\/uploads\/2023\/12\/408114525_663373149278798_7122115483695085479_n-300x217.jpeg 300w, http:\/\/razemdlabialoleki.waw.pl\/wp-content\/uploads\/2023\/12\/408114525_663373149278798_7122115483695085479_n-768x555.jpeg 768w, http:\/\/razemdlabialoleki.waw.pl\/wp-content\/uploads\/2023\/12\/408114525_663373149278798_7122115483695085479_n-1536x1109.jpeg 1536w, http:\/\/razemdlabialoleki.waw.pl\/wp-content\/uploads\/2023\/12\/408114525_663373149278798_7122115483695085479_n.jpeg 1854w\" sizes=\"auto, (max-width: 1024px) 100vw, 1024px\" \/><\/figure>\n\n\n\n<figure class=\"wp-block-image size-large\"><img loading=\"lazy\" decoding=\"async\" width=\"1024\" height=\"768\" src=\"http:\/\/razemdlabialoleki.waw.pl\/wp-content\/uploads\/2023\/12\/408106488_663370552612391_4738616355120423215_n-1024x768.jpeg\" alt=\"\" class=\"wp-image-19839\" srcset=\"http:\/\/razemdlabialoleki.waw.pl\/wp-content\/uploads\/2023\/12\/408106488_663370552612391_4738616355120423215_n-1024x768.jpeg 1024w, http:\/\/razemdlabialoleki.waw.pl\/wp-content\/uploads\/2023\/12\/408106488_663370552612391_4738616355120423215_n-300x225.jpeg 300w, http:\/\/razemdlabialoleki.waw.pl\/wp-content\/uploads\/2023\/12\/408106488_663370552612391_4738616355120423215_n-768x576.jpeg 768w, http:\/\/razemdlabialoleki.waw.pl\/wp-content\/uploads\/2023\/12\/408106488_663370552612391_4738616355120423215_n-1536x1152.jpeg 1536w, http:\/\/razemdlabialoleki.waw.pl\/wp-content\/uploads\/2023\/12\/408106488_663370552612391_4738616355120423215_n.jpeg 2000w\" sizes=\"auto, (max-width: 1024px) 100vw, 1024px\" \/><\/figure>\n\n\n\n<figure class=\"wp-block-image size-large\"><img loading=\"lazy\" decoding=\"async\" width=\"1024\" height=\"768\" src=\"http:\/\/razemdlabialoleki.waw.pl\/wp-content\/uploads\/2023\/12\/408142730_663370425945737_5288955850590793827_n-1024x768.jpeg\" alt=\"\" class=\"wp-image-19841\" srcset=\"http:\/\/razemdlabialoleki.waw.pl\/wp-content\/uploads\/2023\/12\/408142730_663370425945737_5288955850590793827_n-1024x768.jpeg 1024w, http:\/\/razemdlabialoleki.waw.pl\/wp-content\/uploads\/2023\/12\/408142730_663370425945737_5288955850590793827_n-300x225.jpeg 300w, http:\/\/razemdlabialoleki.waw.pl\/wp-content\/uploads\/2023\/12\/408142730_663370425945737_5288955850590793827_n-768x576.jpeg 768w, http:\/\/razemdlabialoleki.waw.pl\/wp-content\/uploads\/2023\/12\/408142730_663370425945737_5288955850590793827_n-1536x1152.jpeg 1536w, http:\/\/razemdlabialoleki.waw.pl\/wp-content\/uploads\/2023\/12\/408142730_663370425945737_5288955850590793827_n.jpeg 2000w\" sizes=\"auto, (max-width: 1024px) 100vw, 1024px\" \/><\/figure>\n","protected":false},"excerpt":{"rendered":"<p>Wigilijna Pomoc S\u0105siedzka W Miko\u0142ajki w ramach Wigilijnej Pomocy S\u0105siedzkiej Miko\u0142aj odwiedzi\u0142 dzieci z bia\u0142o\u0142\u0119ckich Dom\u00f3w Dziecka i dostarczy\u0142 im wymarzone prezenty. Wigilijn\u0105 Pomoc S\u0105siedzk\u0105 zorganizowali\u015bmy ju\u017c po raz 9. razem ze Spo\u0142eczno\u015bci\u0105 Chrze\u015bcija\u0144sk\u0105 p\u00f3\u0142noc oraz lokalnymi partnerami i sklepami: Auchan Modli\u0144ska, Smurfit Kappa Polska, Galeria P\u00f3\u0142nocna, Carrefour, Carrefour Express oraz DH Tarchomin. Jak co [&hellip;]<\/p>\n","protected":false},"author":3,"featured_media":0,"parent":0,"menu_order":0,"comment_status":"closed","ping_status":"closed","template":"","meta":{"ngg_post_thumbnail":0,"footnotes":""},"class_list":["post-19838","page","type-page","status-publish","hentry"],"_links":{"self":[{"href":"http:\/\/razemdlabialoleki.waw.pl\/index.php?rest_route=\/wp\/v2\/pages\/19838","targetHints":{"allow":["GET"]}}],"collection":[{"href":"http:\/\/razemdlabialoleki.waw.pl\/index.php?rest_route=\/wp\/v2\/pages"}],"about":[{"href":"http:\/\/razemdlabialoleki.waw.pl\/index.php?rest_route=\/wp\/v2\/types\/page"}],"author":[{"embeddable":true,"href":"http:\/\/razemdlabialoleki.waw.pl\/index.php?rest_route=\/wp\/v2\/users\/3"}],"replies":[{"embeddable":true,"href":"http:\/\/razemdlabialoleki.waw.pl\/index.php?rest_route=%2Fwp%2Fv2%2Fcomments&post=19838"}],"version-history":[{"count":5,"href":"http:\/\/razemdlabialoleki.waw.pl\/index.php?rest_route=\/wp\/v2\/pages\/19838\/revisions"}],"predecessor-version":[{"id":20373,"href":"http:\/\/razemdlabialoleki.waw.pl\/index.php?rest_route=\/wp\/v2\/pages\/19838\/revisions\/20373"}],"wp:attachment":[{"href":"http:\/\/razemdlabialoleki.waw.pl\/index.php?rest_route=%2Fwp%2Fv2%2Fmedia&parent=19838"}],"curies":[{"name":"wp","href":"https:\/\/api.w.org\/{rel}","templated":true}]}}

Wigilijna Pomoc Sąsiedzka

<h2 class="wp-block-heading has-text-align-center">Wigilijna Pomoc Sąsiedzka</h2>



<p>W Mikołajki w ramach Wigilijnej Pomocy Sąsiedzkiej Mikołaj odwiedził dzieci z białołęckich Domów Dziecka i dostarczył im wymarzone prezenty. </p>



<p>Wigilijną Pomoc Sąsiedzką zorganizowaliśmy już po raz 9. razem ze Społecznością Chrześcijańską północ oraz lokalnymi partnerami i sklepami: Auchan Modlińska, Smurfit Kappa Polska, Galeria Północna, Carrefour, Carrefour Express oraz DH Tarchomin.</p>



<p>Jak co roku Wigilijną Pomoc Sąsiedzką&nbsp;wspierali&nbsp;także wolontariusze i wolontariuszki ze szkół: Szkoła Podstawowa nr 344, Szkoła Podstawowa nr 118, Szkoła Podstawowa nr 314, Szkoła Podstawowa nr 355 oraz Szkoła Podstawowa nr 257.</p>



<p>Podsumowanie dotychczasowych edycji Wigilijnej Pomocy Sąsiedzkiej:</p>



<ul class="wp-block-list">
<li><a href="http://razemdlabialoleki.waw.pl/?p=17772">Wigilijna Pomoc Sąsiedzka 2022</a> i <a href="http://razemdlabialoleki.waw.pl/?p=17821">podsumowanie</a></li>



<li><a href="http://razemdlabialoleki.waw.pl/?p=15967">Wigilijna Pomoc Sąsiedzka 2021</a> i <a href="http://razemdlabialoleki.waw.pl/?p=16010">podsumowanie</a></li>



<li><a href="http://razemdlabialoleki.waw.pl/?p=12680">Wigilijna Pomoc Sąsiedzka 2020</a> i <a href="http://razemdlabialoleki.waw.pl/?p=13181">podsumowanie</a></li>



<li><a href="http://razemdlabialoleki.waw.pl/?p=9252">Wigilijna Pomoc Sąsiedzka 2019</a> i <a href="http://razemdlabialoleki.waw.pl/?p=9349">podsumowanie</a></li>



<li><a href="http://razemdlabialoleki.waw.pl/?p=6961">Wigilijna Pomoc Sąsiedzka 2018</a> i <a href="http://razemdlabialoleki.waw.pl/?p=7070">podsumowanie</a></li>



<li><a href="http://razemdlabialoleki.waw.pl/?p=3329">Wigilijna Pomoc Sąsiedzka 2017</a> i <a href="http://razemdlabialoleki.waw.pl/?p=3459">podsumowanie</a></li>



<li><a href="http://razemdlabialoleki.waw.pl/?p=917">Wigilijna Pomoc Sąsiedzka 2016 i podsumowanie</a></li>
</ul>



<figure class="wp-block-image size-large"><img loading="lazy" decoding="async" width="1024" height="768" src="http://razemdlabialoleki.waw.pl/wp-content/uploads/2023/12/408187133_663373145945465_2975101933699324194_n-1024x768.jpeg" alt="" class="wp-image-19840" srcset="http://razemdlabialoleki.waw.pl/wp-content/uploads/2023/12/408187133_663373145945465_2975101933699324194_n-1024x768.jpeg 1024w, http://razemdlabialoleki.waw.pl/wp-content/uploads/2023/12/408187133_663373145945465_2975101933699324194_n-300x225.jpeg 300w, http://razemdlabialoleki.waw.pl/wp-content/uploads/2023/12/408187133_663373145945465_2975101933699324194_n-768x576.jpeg 768w, http://razemdlabialoleki.waw.pl/wp-content/uploads/2023/12/408187133_663373145945465_2975101933699324194_n-1536x1152.jpeg 1536w, http://razemdlabialoleki.waw.pl/wp-content/uploads/2023/12/408187133_663373145945465_2975101933699324194_n.jpeg 2000w" sizes="auto, (max-width: 1024px) 100vw, 1024px" /></figure>



<figure class="wp-block-image size-large"><img loading="lazy" decoding="async" width="1024" height="740" src="http://razemdlabialoleki.waw.pl/wp-content/uploads/2023/12/408114525_663373149278798_7122115483695085479_n-1024x740.jpeg" alt="" class="wp-image-19842" srcset="http://razemdlabialoleki.waw.pl/wp-content/uploads/2023/12/408114525_663373149278798_7122115483695085479_n-1024x740.jpeg 1024w, http://razemdlabialoleki.waw.pl/wp-content/uploads/2023/12/408114525_663373149278798_7122115483695085479_n-300x217.jpeg 300w, http://razemdlabialoleki.waw.pl/wp-content/uploads/2023/12/408114525_663373149278798_7122115483695085479_n-768x555.jpeg 768w, http://razemdlabialoleki.waw.pl/wp-content/uploads/2023/12/408114525_663373149278798_7122115483695085479_n-1536x1109.jpeg 1536w, http://razemdlabialoleki.waw.pl/wp-content/uploads/2023/12/408114525_663373149278798_7122115483695085479_n.jpeg 1854w" sizes="auto, (max-width: 1024px) 100vw, 1024px" /></figure>



<figure class="wp-block-image size-large"><img loading="lazy" decoding="async" width="1024" height="768" src="http://razemdlabialoleki.waw.pl/wp-content/uploads/2023/12/408106488_663370552612391_4738616355120423215_n-1024x768.jpeg" alt="" class="wp-image-19839" srcset="http://razemdlabialoleki.waw.pl/wp-content/uploads/2023/12/408106488_663370552612391_4738616355120423215_n-1024x768.jpeg 1024w, http://razemdlabialoleki.waw.pl/wp-content/uploads/2023/12/408106488_663370552612391_4738616355120423215_n-300x225.jpeg 300w, http://razemdlabialoleki.waw.pl/wp-content/uploads/2023/12/408106488_663370552612391_4738616355120423215_n-768x576.jpeg 768w, http://razemdlabialoleki.waw.pl/wp-content/uploads/2023/12/408106488_663370552612391_4738616355120423215_n-1536x1152.jpeg 1536w, http://razemdlabialoleki.waw.pl/wp-content/uploads/2023/12/408106488_663370552612391_4738616355120423215_n.jpeg 2000w" sizes="auto, (max-width: 1024px) 100vw, 1024px" /></figure>



<figure class="wp-block-image size-large"><img loading="lazy" decoding="async" width="1024" height="768" src="http://razemdlabialoleki.waw.pl/wp-content/uploads/2023/12/408142730_663370425945737_5288955850590793827_n-1024x768.jpeg" alt="" class="wp-image-19841" srcset="http://razemdlabialoleki.waw.pl/wp-content/uploads/2023/12/408142730_663370425945737_5288955850590793827_n-1024x768.jpeg 1024w, http://razemdlabialoleki.waw.pl/wp-content/uploads/2023/12/408142730_663370425945737_5288955850590793827_n-300x225.jpeg 300w, http://razemdlabialoleki.waw.pl/wp-content/uploads/2023/12/408142730_663370425945737_5288955850590793827_n-768x576.jpeg 768w, http://razemdlabialoleki.waw.pl/wp-content/uploads/2023/12/408142730_663370425945737_5288955850590793827_n-1536x1152.jpeg 1536w, http://razemdlabialoleki.waw.pl/wp-content/uploads/2023/12/408142730_663370425945737_5288955850590793827_n.jpeg 2000w" sizes="auto, (max-width: 1024px) 100vw, 1024px" /></figure>

<p>Wigilijna Pomoc Sąsiedzka W Mikołajki w ramach Wigilijnej Pomocy Sąsiedzkiej Mikołaj odwiedził dzieci z białołęckich Domów Dziecka i dostarczył im wymarzone prezenty. Wigilijną Pomoc Sąsiedzką zorganizowaliśmy już po raz 9. razem ze Społecznością Chrześcijańską północ oraz lokalnymi partnerami i sklepami: Auchan Modlińska, Smurfit Kappa Polska, Galeria Północna, Carrefour, Carrefour Express oraz DH Tarchomin. Jak co [&hellip;]</p>
